{"id":415,"date":"2023-04-03T10:48:27","date_gmt":"2023-04-03T10:48:27","guid":{"rendered":"https:\/\/avainmuutto.fi\/?page_id=415"},"modified":"2023-12-14T13:48:35","modified_gmt":"2023-12-14T11:48:35","slug":"varauskalenteri","status":"publish","type":"page","link":"https:\/\/avainmuutto.fi\/?page_id=415","title":{"rendered":"Yhteydenottolomake"},"content":{"rendered":"\n<hr class=\"wp-block-separator has-alpha-channel-opacity is-style-wide\"\/>\n\n\n\n<div class=\"wp-block-contact-form-7-contact-form-selector\">\n<div class=\"wpcf7 no-js\" id=\"wpcf7-f622-o1\" lang=\"en-US\" dir=\"ltr\">\n<div class=\"screen-reader-response\"><p role=\"status\" aria-live=\"polite\" aria-atomic=\"true\"><\/p> <ul><\/ul><\/div>\n<form action=\"\/index.php?rest_route=%2Fwp%2Fv2%2Fpages%2F415#wpcf7-f622-o1\" method=\"post\" class=\"wpcf7-form init\" aria-label=\"Contact form\" novalidate=\"novalidate\" data-status=\"init\">\n<div style=\"display: none;\">\n<input type=\"hidden\" name=\"_wpcf7\" value=\"622\" \/>\n<input type=\"hidden\" name=\"_wpcf7_version\" value=\"5.9.8\" \/>\n<input type=\"hidden\" name=\"_wpcf7_locale\" value=\"en_US\" \/>\n<input type=\"hidden\" name=\"_wpcf7_unit_tag\" value=\"wpcf7-f622-o1\" \/>\n<input type=\"hidden\" name=\"_wpcf7_container_post\" value=\"0\" \/>\n<input type=\"hidden\" name=\"_wpcf7_posted_data_hash\" value=\"\" \/>\n<\/div>\n<p><b>Yhteystiedot<\/b>\n<\/p>\n<p><label> Etunimi Sukunimi *<br \/>\n<span class=\"wpcf7-form-control-wrap\" data-name=\"Nimi\"><input size=\"40\" maxlength=\"400\" class=\"wpcf7-form-control wpcf7-text wpcf7-validates-as-required\" autocomplete=\"name\" aria-required=\"true\" aria-invalid=\"false\" value=\"\" type=\"text\" name=\"Nimi\" \/><\/span> <\/label>\n<\/p>\n<p><label> Puhelinnumero *<br \/>\n<span class=\"wpcf7-form-control-wrap\" data-name=\"Puhelin\"><input size=\"40\" maxlength=\"400\" class=\"wpcf7-form-control wpcf7-tel wpcf7-validates-as-required wpcf7-text wpcf7-validates-as-tel\" autocomplete=\"tel\" aria-required=\"true\" aria-invalid=\"false\" value=\"\" type=\"tel\" name=\"Puhelin\" \/><\/span> <\/label>\n<\/p>\n<p><label> S\u00e4hk\u00f6posti *<br \/>\n<span class=\"wpcf7-form-control-wrap\" data-name=\"Email\"><input size=\"40\" maxlength=\"400\" class=\"wpcf7-form-control wpcf7-email wpcf7-validates-as-required wpcf7-text wpcf7-validates-as-email\" autocomplete=\"email\" aria-required=\"true\" aria-invalid=\"false\" value=\"\" type=\"email\" name=\"Email\" \/><\/span> <\/label><br \/>\n<b>Nykyinen kohde<\/b>\n<\/p>\n<p><label> Asunnon pinta-ala<br \/>\n<span class=\"wpcf7-form-control-wrap\" data-name=\"Nykyinen-asunnon-pinta-ala\"><input size=\"40\" maxlength=\"400\" class=\"wpcf7-form-control wpcf7-text\" aria-invalid=\"false\" value=\"\" type=\"text\" name=\"Nykyinen-asunnon-pinta-ala\" \/><\/span> <\/label>\n<\/p>\n<p><label> Osoite<br \/>\n<span class=\"wpcf7-form-control-wrap\" data-name=\"Nykyinen-Osoite\"><input size=\"40\" maxlength=\"400\" class=\"wpcf7-form-control wpcf7-text\" aria-invalid=\"false\" value=\"\" type=\"text\" name=\"Nykyinen-Osoite\" \/><\/span> <\/label>\n<\/p>\n<p><label> Postinumero ja -toimipaikka<br \/>\n<span class=\"wpcf7-form-control-wrap\" data-name=\"Nykyinen-Postinumero-ja-toimipaikka\"><input size=\"40\" maxlength=\"400\" class=\"wpcf7-form-control wpcf7-text\" aria-invalid=\"false\" value=\"\" type=\"text\" name=\"Nykyinen-Postinumero-ja-toimipaikka\" \/><\/span> <\/label><br \/>\n<b>Uusi kohde<\/b>\n<\/p>\n<p><label> Asunnon pinta-ala<br \/>\n<span class=\"wpcf7-form-control-wrap\" data-name=\"Uusi-Asunnon-pinta-ala\"><input size=\"40\" maxlength=\"400\" class=\"wpcf7-form-control wpcf7-text\" aria-invalid=\"false\" value=\"\" type=\"text\" name=\"Uusi-Asunnon-pinta-ala\" \/><\/span> <\/label>\n<\/p>\n<p><label> Osoite<br \/>\n<span class=\"wpcf7-form-control-wrap\" data-name=\"Uusi-Osoite\"><input size=\"40\" maxlength=\"400\" class=\"wpcf7-form-control wpcf7-text\" aria-invalid=\"false\" value=\"\" type=\"text\" name=\"Uusi-Osoite\" \/><\/span> <\/label>\n<\/p>\n<p><label> Postinumero ja -toimipaikka<br \/>\n<span class=\"wpcf7-form-control-wrap\" data-name=\"Uusi-Postinumero-ja-toimipaikka\"><input size=\"40\" maxlength=\"400\" class=\"wpcf7-form-control wpcf7-text\" aria-invalid=\"false\" value=\"\" type=\"text\" name=\"Uusi-Postinumero-ja-toimipaikka\" \/><\/span> <\/label><br \/>\n<label> Lis\u00e4tiedot *<br \/>\n<span class=\"wpcf7-form-control-wrap\" data-name=\"Lisatiedot\"><textarea cols=\"40\" rows=\"10\" maxlength=\"2000\" class=\"wpcf7-form-control wpcf7-textarea wpcf7-validates-as-required\" aria-required=\"true\" aria-invalid=\"false\" name=\"Lisatiedot\"><\/textarea><\/span> <\/label>\n<\/p>\n<p>Toivottu muuttop\u00e4iv\u00e4, haluttu palvelu, t\u00e4rkeit\u00e4 tietoja asunnosta, onko lemmikkiel\u00e4imi\u00e4...\n<\/p>\n<p\/>\n<\/p>\n<p><input class=\"wpcf7-form-control wpcf7-submit has-spinner\" type=\"submit\" value=\"L\u00e4het\u00e4\" \/>\n<\/p><div class=\"wpcf7-response-output\" aria-hidden=\"true\"><\/div>\n<\/form>\n<\/div>\n<\/div>\n","protected":false},"excerpt":{"rendered":"","protected":false},"author":1,"featured_media":0,"parent":0,"menu_order":0,"comment_status":"closed","ping_status":"closed","template":"","meta":{"footnotes":""},"yoast_head":"<!-- This site is optimized with the Yoast SEO plugin v23.5 - https:\/\/yoast.com\/wordpress\/plugins\/seo\/ -->\n<title>Yhteydenottolomake - Avainmuutto ja Kuljetus<\/title>\n<meta name=\"robots\" content=\"index, follow, max-snippet:-1, max-image-preview:large, max-video-preview:-1\" \/>\n<link rel=\"canonical\" href=\"https:\/\/avainmuutto.fi\/?page_id=415\" \/>\n<meta property=\"og:locale\" content=\"fi_FI\" \/>\n<meta property=\"og:type\" content=\"article\" \/>\n<meta property=\"og:title\" content=\"Yhteydenottolomake - Avainmuutto ja Kuljetus\" \/>\n<meta property=\"og:url\" content=\"https:\/\/avainmuutto.fi\/?page_id=415\" \/>\n<meta property=\"og:site_name\" content=\"Avainmuutto ja Kuljetus\" \/>\n<meta property=\"article:publisher\" content=\"https:\/\/www.facebook.com\/avainmuutto.kuljetus\" \/>\n<meta property=\"article:modified_time\" content=\"2023-12-14T11:48:35+00:00\" \/>\n<meta name=\"twitter:card\" content=\"summary_large_image\" \/>\n<script type=\"application\/ld+json\" class=\"yoast-schema-graph\">{\"@context\":\"https:\/\/schema.org\",\"@graph\":[{\"@type\":\"WebPage\",\"@id\":\"https:\/\/avainmuutto.fi\/?page_id=415\",\"url\":\"https:\/\/avainmuutto.fi\/?page_id=415\",\"name\":\"Yhteydenottolomake - Avainmuutto ja Kuljetus\",\"isPartOf\":{\"@id\":\"https:\/\/avainmuutto.fi\/#website\"},\"datePublished\":\"2023-04-03T10:48:27+00:00\",\"dateModified\":\"2023-12-14T11:48:35+00:00\",\"breadcrumb\":{\"@id\":\"https:\/\/avainmuutto.fi\/?page_id=415#breadcrumb\"},\"inLanguage\":\"fi\",\"potentialAction\":[{\"@type\":\"ReadAction\",\"target\":[\"https:\/\/avainmuutto.fi\/?page_id=415\"]}]},{\"@type\":\"BreadcrumbList\",\"@id\":\"https:\/\/avainmuutto.fi\/?page_id=415#breadcrumb\",\"itemListElement\":[{\"@type\":\"ListItem\",\"position\":1,\"name\":\"Home\",\"item\":\"https:\/\/avainmuutto.fi\/\"},{\"@type\":\"ListItem\",\"position\":2,\"name\":\"Yhteydenottolomake\"}]},{\"@type\":\"WebSite\",\"@id\":\"https:\/\/avainmuutto.fi\/#website\",\"url\":\"https:\/\/avainmuutto.fi\/\",\"name\":\"Avainmuutto ja Kuljetus\",\"description\":\"Avainmuutto ja Kuljetus\",\"publisher\":{\"@id\":\"https:\/\/avainmuutto.fi\/#organization\"},\"potentialAction\":[{\"@type\":\"SearchAction\",\"target\":{\"@type\":\"EntryPoint\",\"urlTemplate\":\"https:\/\/avainmuutto.fi\/?s={search_term_string}\"},\"query-input\":{\"@type\":\"PropertyValueSpecification\",\"valueRequired\":true,\"valueName\":\"search_term_string\"}}],\"inLanguage\":\"fi\"},{\"@type\":\"Organization\",\"@id\":\"https:\/\/avainmuutto.fi\/#organization\",\"name\":\"Avainmuutto ja Kuljetus\",\"url\":\"https:\/\/avainmuutto.fi\/\",\"logo\":{\"@type\":\"ImageObject\",\"inLanguage\":\"fi\",\"@id\":\"https:\/\/avainmuutto.fi\/#\/schema\/logo\/image\/\",\"url\":\"https:\/\/avainmuutto.fi\/wp-content\/uploads\/2023\/04\/avaimet.png\",\"contentUrl\":\"https:\/\/avainmuutto.fi\/wp-content\/uploads\/2023\/04\/avaimet.png\",\"width\":320,\"height\":268,\"caption\":\"Avainmuutto ja Kuljetus\"},\"image\":{\"@id\":\"https:\/\/avainmuutto.fi\/#\/schema\/logo\/image\/\"},\"sameAs\":[\"https:\/\/www.facebook.com\/avainmuutto.kuljetus\",\"https:\/\/www.instagram.com\/avainmuutto\/\"]}]}<\/script>\n<!-- \/ Yoast SEO plugin. -->","yoast_head_json":{"title":"Yhteydenottolomake - Avainmuutto ja Kuljetus","robots":{"index":"index","follow":"follow","max-snippet":"max-snippet:-1","max-image-preview":"max-image-preview:large","max-video-preview":"max-video-preview:-1"},"canonical":"https:\/\/avainmuutto.fi\/?page_id=415","og_locale":"fi_FI","og_type":"article","og_title":"Yhteydenottolomake - Avainmuutto ja Kuljetus","og_url":"https:\/\/avainmuutto.fi\/?page_id=415","og_site_name":"Avainmuutto ja Kuljetus","article_publisher":"https:\/\/www.facebook.com\/avainmuutto.kuljetus","article_modified_time":"2023-12-14T11:48:35+00:00","twitter_card":"summary_large_image","schema":{"@context":"https:\/\/schema.org","@graph":[{"@type":"WebPage","@id":"https:\/\/avainmuutto.fi\/?page_id=415","url":"https:\/\/avainmuutto.fi\/?page_id=415","name":"Yhteydenottolomake - Avainmuutto ja Kuljetus","isPartOf":{"@id":"https:\/\/avainmuutto.fi\/#website"},"datePublished":"2023-04-03T10:48:27+00:00","dateModified":"2023-12-14T11:48:35+00:00","breadcrumb":{"@id":"https:\/\/avainmuutto.fi\/?page_id=415#breadcrumb"},"inLanguage":"fi","potentialAction":[{"@type":"ReadAction","target":["https:\/\/avainmuutto.fi\/?page_id=415"]}]},{"@type":"BreadcrumbList","@id":"https:\/\/avainmuutto.fi\/?page_id=415#breadcrumb","itemListElement":[{"@type":"ListItem","position":1,"name":"Home","item":"https:\/\/avainmuutto.fi\/"},{"@type":"ListItem","position":2,"name":"Yhteydenottolomake"}]},{"@type":"WebSite","@id":"https:\/\/avainmuutto.fi\/#website","url":"https:\/\/avainmuutto.fi\/","name":"Avainmuutto ja Kuljetus","description":"Avainmuutto ja Kuljetus","publisher":{"@id":"https:\/\/avainmuutto.fi\/#organization"},"potentialAction":[{"@type":"SearchAction","target":{"@type":"EntryPoint","urlTemplate":"https:\/\/avainmuutto.fi\/?s={search_term_string}"},"query-input":{"@type":"PropertyValueSpecification","valueRequired":true,"valueName":"search_term_string"}}],"inLanguage":"fi"},{"@type":"Organization","@id":"https:\/\/avainmuutto.fi\/#organization","name":"Avainmuutto ja Kuljetus","url":"https:\/\/avainmuutto.fi\/","logo":{"@type":"ImageObject","inLanguage":"fi","@id":"https:\/\/avainmuutto.fi\/#\/schema\/logo\/image\/","url":"https:\/\/avainmuutto.fi\/wp-content\/uploads\/2023\/04\/avaimet.png","contentUrl":"https:\/\/avainmuutto.fi\/wp-content\/uploads\/2023\/04\/avaimet.png","width":320,"height":268,"caption":"Avainmuutto ja Kuljetus"},"image":{"@id":"https:\/\/avainmuutto.fi\/#\/schema\/logo\/image\/"},"sameAs":["https:\/\/www.facebook.com\/avainmuutto.kuljetus","https:\/\/www.instagram.com\/avainmuutto\/"]}]}},"_links":{"self":[{"href":"https:\/\/avainmuutto.fi\/index.php?rest_route=\/wp\/v2\/pages\/415"}],"collection":[{"href":"https:\/\/avainmuutto.fi\/index.php?rest_route=\/wp\/v2\/pages"}],"about":[{"href":"https:\/\/avainmuutto.fi\/index.php?rest_route=\/wp\/v2\/types\/page"}],"author":[{"embeddable":true,"href":"https:\/\/avainmuutto.fi\/index.php?rest_route=\/wp\/v2\/users\/1"}],"replies":[{"embeddable":true,"href":"https:\/\/avainmuutto.fi\/index.php?rest_route=%2Fwp%2Fv2%2Fcomments&post=415"}],"version-history":[{"count":20,"href":"https:\/\/avainmuutto.fi\/index.php?rest_route=\/wp\/v2\/pages\/415\/revisions"}],"predecessor-version":[{"id":821,"href":"https:\/\/avainmuutto.fi\/index.php?rest_route=\/wp\/v2\/pages\/415\/revisions\/821"}],"wp:attachment":[{"href":"https:\/\/avainmuutto.fi\/index.php?rest_route=%2Fwp%2Fv2%2Fmedia&parent=415"}],"curies":[{"name":"wp","href":"https:\/\/api.w.org\/{rel}","templated":true}]}}